7
Suppose 16 = -v + 9*v. Suppose -p + 2 = 3, v*n - 2*p = 82. Let g = -31 + n. List the prime factors of g.
3
Let a be 55/44 + 1/(-4). Let g be (a - (-3 + 3))*45/(-5). Let o(n) = 2*n**2 + 13*n + 6. List the prime factors of o(g).
3, 17
Suppose -5*x - 151 = 2*i - 4*i, 154 = 2*i - 2*x. Suppose -i*y + 612 = -72*y. List the prime factors of y.
2, 3, 17
Let r(x) = 428*x - 21905. List the prime factors of r(84).
11, 1277
Let m be -2 - -5 - (-280 + -33). Let g(t) = 6*t**2 - 4. Let r be g(-5). Suppose 0 = -4*k - 4*z + r + 182, 2*z + m = 4*k. List the prime factors of k.
2, 5
Suppose -5*x = -2*x - 2247. Let c = x + -408. List the prime factors of c.
11, 31
Let t(r) be the third derivative of 1/3*r**3 + 0 - 19*r**2 + 0*r - 11/24*r**4. List the prime factors of t(-10).
2, 7
Suppose -44*f + 71*f - 64*f = -523328. What are the prime factors of f?
2, 13, 17
Let u = 345 + -355. Let h(b) be the first derivative of b**3 + b**2 - 22*b + 3. What are the prime factors of h(u)?
2, 3, 43
Suppose 4*h + j = -0*j + 9, h - 18 = 5*j. Suppose -v - h = 0, v = 10*x - 8*x - 307. List the prime factors of x.
2, 19
Suppose -4*g + 2*t = 0, t = 4*t - 12. Suppose 0 = 9*p - 11*p - g. List the prime factors of (1*p)/(1*6/(-264)).
2, 11
Suppose 5*c - 4 = -69. Let k(v) = v + 11. Let q be k(c). List the prime factors of (2/(-1))/(1*q/132).
2, 3, 11
Let f be 2 - (-9568)/(-69)*(-6)/(-4). Suppose 0 = -3*u + 1125 - 120. Let x = u + f. List the prime factors of x.
3, 43
Let k(i) = -3*i**2 - 9 - 5 - 6*i + 9. Let n be k(-3). Let d = n + 86. List the prime factors of d.
2, 3
Suppose 0 = -3*f - 9 + 18. Let u be -6*f/(-81) - (-5660)/(-36). Let x = u + 237. What are the prime factors of x?
2, 5
Suppose -3 + 3 = 2*f. Let o(m) = f - m**2 - 2*m + 7*m**3 - 1 - 6*m**3. What are the prime factors of o(4)?
3, 13
List the prime factors of (-369430)/(-26) - 28/(-182).
13, 1093
Suppose -541 = 550*c - 551*c. Let w = c + -148. What are the prime factors of w?
3, 131
Suppose 0 = -4*j + 13*j - 5*j - 38840. List the prime factors of j.
2, 5, 971
Let q = 4337 + -1510. What are the prime factors of q?
11, 257
Let x(n) = -n**2 - 12*n + 19. Let s be x(-13). Suppose 2*d + 318 = -s*v + 2*v, -473 = 3*d + 2*v. Let l = d + 224. List the prime factors of l.
67
Suppose 255378 = 9*q + 84*q. List the prime factors of q.
2, 1373
Suppose -32*c - 12 = -36*c. Suppose 5*t + c*d = -303, 0 = -t - 2*t - 3*d - 183. Let i = -13 - t. List the prime factors of i.
47
Let f(c) = -c**3 - 17*c**2 - 13*c - 3. Let n be f(-16). Suppose 0 = -6*y + 35 + 661. Let g = y + n. List the prime factors of g.
5, 13
Suppose -5*q + 10 = -10. Suppose -q*h + 20 = x, 2*h + h + 169 = 5*x. What are the prime factors of -4*(-3 + x*-2)?
2, 67
List the prime factors of 146312/14*(-133)/(-38).
2, 18289
Let p(x) = -9*x**3 - 3*x**2 - 6*x + 9. Suppose g = 27 - 30. List the prime factors of p(g).
3
Suppose -16*j = -567 + 71. Suppose -5*f + 25 = 2*y + 3*y, 2*f = -5*y + j. Suppose y*x + x = 1560. List the prime factors of x.
3, 5, 13
Let h = 60 + -58. Suppose -b + 3*y + 350 = 0, h*y = 3 + 1. List the prime factors of b.
2, 89
Let x(q) = -147*q + 149. Let o(w) = -w**2 + 3*w + 14. Let i be o(-3). List the prime factors of x(i).
11, 67
Suppose -27*t = -5604 - 16968. What are the prime factors of (2 + -2 + -42)/((-66)/t)?
2, 7, 19
Suppose -a + 4*c = -22 - 4, -2*c = 3*a - 106. Suppose -a*h - 36 = -38*h. Suppose -841 = -h*j - 220. What are the prime factors of j?
3, 23
Let q = 1134 - -1552. Suppose 0 = -3*p - b + q, p - 454 - 436 = -3*b. What are the prime factors of p?
2, 7
Let z(o) = -2*o**3 + o**2 + 23*o - 26. Let r be z(-7). Suppose -2*n + 442 = -r. List the prime factors of n.
3, 5, 11
Let k(q) = -6*q - 2. Let m = 1 + 2. Let d(g) = -2*g**2 + 4*g - 3. Let n be d(m). List the prime factors of k(n).
2, 13
Suppose 0 = 6*r + 2314 - 136. Let s = -235 - r. Let q = 268 - s. What are the prime factors of q?
2, 5, 7
Let t be (-2)/(-7) + (-902)/(-77). Let d be -4 + -2 + 4 + t/(-1). Let j = 94 + d. List the prime factors of j.
2, 5
Let i(x) = 8*x**2 + 7*x + 6. Let v(d) = -d**2 - 2*d - 1. Let s(o) = i(o) + 2*v(o). What are the prime factors of s(4)?
2, 7
Let l(s) = -4*s**3 - 4*s**2 - 14*s + 112. What are the prime factors of l(-18)?
2, 11, 509
What are the prime factors of (8 - 30 - -3959) + -9?
2, 491
Suppose 3*u + 4*a - 53297 = 0, -166*u + 169*u + a = 53309. List the prime factors of u.
13, 1367
Let r be 1316 + (-2 + 2)/6. Suppose 0 = 3*l, 2*l = -4*h + 5*l + r. List the prime factors of h.
7, 47
Let q = 16 - 57. List the prime factors of (1 + q)*(10 - 17).
2, 5, 7
Let i(o) = o. Let j(x) = 12*x - 6. Suppose 4*r + 42 - 38 = 0. Let f(m) = r*j(m) - 2*i(m). List the prime factors of f(-5).
2, 19
Let z(a) = 7*a**2 + 68*a - 173. Let k be z(2). Let f(h) be the third derivative of -h**5/60 - 7*h**4/8 - 6*h**3 - h**2. What are the prime factors of f(k)?
2, 3
Let l be -267*(-2)/4 - (-3)/(-2). Suppose -13*o = -17*o + l. Suppose 2*m + o = 3*m. List the prime factors of m.
3, 11
Let v(n) = -11*n + 13. Let i be v(1). Suppose t - 5 = 0, -3*z + 347 = -i*z + 4*t. What are the prime factors of z?
3, 109
Suppose 2*v + 1 + 3 = 0. Let q be ((-95)/20)/(v/184). Suppose 5*y = a + 3*a - 367, 5*a + y - q = 0. List the prime factors of a.
2, 11
Let a be 47/4 + (-1)/(-4). Let l(r) = 2*r + 49. Let o be l(-26). List the prime factors of ((-64)/a)/(o/9).
2
Let z(a) be the third derivative of a**5/60 - a**4/12 + 22*a**3/3 + 76*a**2. List the prime factors of z(-5).
79
Let i be 20/(-24)*4*11871/(-6). Suppose -14*m + i - 1219 = 0. List the prime factors of m.
2, 3
Suppose 14*c + 40 = 9*c + 5*b, 2*c = -5*b - 2. Let f be 0/(2/(c - -4)). Suppose 12*w + 2*w - 2324 = f. List the prime factors of w.
2, 83
Suppose 4*x + 3828 = 4*b + 2*x, 0 = 4*x. Let k = b - 349. Suppose 3*p + 0*h = -h + k, 3*p + 3*h = 600. List the prime factors of p.
2, 3, 17
Let m be (-104)/(-130) + 852/10. Let j = 36 + m. What are the prime factors of j?
2, 61
Let w(r) = 7*r**2 - 43*r - 4. Suppose 2*y = -j - 0 + 28, -4*y = -3*j - 56. What are the prime factors of w(y)?
2, 383
Let k be 115*((-3)/2)/((-15)/6). Suppose 53 = 2*f - k. What are the prime factors of f?
61
Suppose 3*j + 2652 = 15*j. Let c = -39 + j. List the prime factors of c.
2, 7, 13
Let x = 30 + -51. Let v(l) = -l**2 - 26*l + 28. What are the prime factors of v(x)?
7, 19
Suppose -4*p + 2*o + 958 = -p, -3*o + 3 = 0. Let f = 94 + p. What are the prime factors of f?
2, 3, 23
Let g(o) = o**3 + 82*o**2 + 1333*o + 47. What are the prime factors of g(-47)?
47, 313
Suppose 0 = 18*d + 3*d - 41916. Let j = d + -1340. List the prime factors of j.
2, 41
Let w be 213800/440 - 1/(-11). Let l = 825 - w. List the prime factors of l.
3, 113
Suppose -a + 117 = -4*a. What are the prime factors of ((-6604)/a)/(4/6)?
2, 127
Let t = 844 - 608. What are the prime factors of (45/6)/(6/t)?
5, 59
What are the prime factors of (-1)/((-7)/35*(-1)/(3 + -3460))?
5, 3457
Let s(j) = 3*j**3 - j**2 + 2*j. Let n be s(1). Let i be 1 + n/(-8) - 185/(-10). Suppose -105 = -i*w + 66. What are the prime factors of w?
3
Let y(s) = 9*s + 126. Let f be y(-14). Suppose -w - g + 581 = 0, f = 2*w - 4*w - g + 1161. List the prime factors of w.
2, 5, 29
Let i(g) = -31*g + 648. What are the prime factors of i(-26)?
2, 727
Suppose -3*o = 3*b - 2382, 3*o + 3*b - 786 = 2*o. Suppose 0 = 67*w - 69*w + o. List the prime factors of w.
3, 7, 19
Let k be (-396520)/(-30) + 2/3. Let c be 10/(-35) + (k/21)/(-2). List the prime factors of (-12)/15*c/6.
2, 3, 7
Suppose -2*l + 1720 = 3*n, n = l - 4*n - 860. Suppose 5*h - 3*a - l = 0, 4*a - 27 = -7. List the prime factors of h.
5, 7
Let a(d) = -23*d**2 - 3*d - 30. Let q(l) = 93*l**2 + 11*l + 119. Let t(w) = -9*a(w) - 2*q(w). List the prime factors of t(-4).
2, 3, 29
Suppose c + 342 = 345. Suppose 0 = -3*z + z - 4*x + 308, -2*z + 308 = c*x. What are the prime factors of z?
2, 7, 11
Let b(u) = -2*u - 12. Let f(v) = -v + 1. Let n(l) = -b(l) + f(l). Let d be n(-10). What are the prime factors of ((-46)/4 + d)/((-1)/14)?
7, 17
Let p = -35 - -267. Suppose 0 = 23*a - 13177 - p. What are the prime factors of a?
11, 53
Let y(m) = -1344*m**3 + m**2 + 85*m + 225. List the prime factors of y(-3).
3, 7, 11, 157
Let v be (-2702)/(-35) - (-3)/(-15). Suppose 0 = 2*m - v - 285. What are the prime factors of m?
181